{"id":7,"date":"2017-10-04T08:30:47","date_gmt":"2017-10-04T06:30:47","guid":{"rendered":"http:\/\/demo.proteusthemes.com\/buildpress\/?page_id=7"},"modified":"2019-09-25T10:38:01","modified_gmt":"2019-09-25T08:38:01","slug":"front-page","status":"publish","type":"page","link":"https:\/\/jawirem.pl\/","title":{"rendered":"Front Page"},"content":{"rendered":"<div id=\"pl-7\"  class=\"panel-layout\" ><div id=\"pg-7-0\"  class=\"panel-grid panel-has-style\" ><div class=\"siteorigin-panels-stretch panel-row-style panel-row-style-for-7-0\" data-stretch-type=\"full\" ><div id=\"pgc-7-0-0\"  class=\"panel-grid-cell\" ><div id=\"panel-7-0-0-0\" class=\"so-panel widget widget_pt_banner widget-banner panel-first-child panel-last-child\" data-index=\"0\" >\t\t\t\t<div class=\"banner__text\">\n\t\t\t\t\tZapytania ofertowe prosimy kierowa\u0107 pod numer (32) 21 11 424 lub na adres &#x6a;a&#x77;&#105;&#x72;&#101;m&#x40;&#105;&#x64;&#115;l&#x2e;&#112;&#x6c;\t\t\t\t<\/div>\n\t\t\t\t<div class=\"banner__buttons\">\n\t\t\t\t\t<a class=\"btn  btn-danger\" href=\"?page_id=29\" target=\"_self\">KONTAKT<\/a> \t\t\t\t<\/div>\n\t\t\t<\/div><\/div><\/div><\/div><div id=\"pg-7-1\"  class=\"panel-grid panel-no-style\" ><div id=\"pgc-7-1-0\"  class=\"panel-grid-cell\" ><div id=\"panel-7-1-0-0\" class=\"so-panel widget widget_black-studio-tinymce widget_black_studio_tinymce panel-first-child panel-last-child\" data-index=\"1\" ><h3 class=\"widget-title\">Witamy<\/h3><div class=\"textwidget\"><p>Witamy na stronie internetowej przedsi\u0119biorstwa <strong>Jawirem<\/strong>. Z wielk\u0105 dum\u0105 prezentujemy Pa\u0144stwu nasze realizacje, wierz\u0105c, \u017ce wieloletnie do\u015bwiadczenie, kt\u00f3re posiadamy, \u015bwiadczy o rzetelno\u015bci oraz solidno\u015bci zar\u00f3wno ca\u0142ego przedsi\u0119biorstwa jak i produkt\u00f3w oraz us\u0142ug, jakie dostarczamy. <strong>Serdecznie zapraszamy do zapoznania si\u0119 z profilem dzia\u0142alno\u015bci firmy<\/strong>, a tak\u017ce do <strong>kontaktu<\/strong>, kt\u00f3ry dzi\u0119ki niniejszej stronie internetowej staje si\u0119 jeszcze prostszy i wygodniejszy.<\/p>\n<\/div><\/div><\/div><div id=\"pgc-7-1-1\"  class=\"panel-grid-cell\" ><div id=\"panel-7-1-1-0\" class=\"so-panel widget widget_black-studio-tinymce widget_black_studio_tinymce panel-first-child panel-last-child\" data-index=\"2\" ><h3 class=\"widget-title\">Wykonujemy<\/h3><div class=\"textwidget\"><h5><span style=\"color: #fcc71f;\"><br \/> <span class=\"icon-container\"><span class=\"fa fa-check\"><\/span><\/span><\/span>\u00a0Py\u0142oprzewody z wyk\u0142adzin\u0105 trudno\u015bcieraln\u0105<\/h5>\n<h5><span style=\"color: #fcc71f;\"><span class=\"icon-container\"><span class=\"fa fa-check\"><\/span><\/span><\/span>\u00a0Kolanka i sto\u017cki<\/h5>\n<h5><span style=\"color: #fcc71f;\"><span class=\"icon-container\"><span class=\"fa fa-check\"><\/span><\/span><\/span>\u00a0Konstrukcje stalowe<\/h5>\n<h5><span style=\"color: #fcc71f;\"><span class=\"icon-container\"><span class=\"fa fa-check\"><\/span><\/span><\/span>\u00a0Leje sto\u017ckowe<\/h5>\n<h5><span style=\"color: #fcc71f;\"><span class=\"icon-container\"><span class=\"fa fa-check\"><\/span><\/span><\/span>\u00a0Prace remontowo-monta\u017cowe<\/h5>\n<h5><span style=\"color: #fcc71f;\"><span class=\"icon-container\"><span class=\"fa fa-check\"><\/span><\/span><\/span>\u00a0Us\u0142ugi \u015blusarsko-kowalskie<\/h5>\n<p>\u00a0<\/p>\n<\/div><\/div><\/div><div id=\"pgc-7-1-2\"  class=\"panel-grid-cell\" ><div id=\"panel-7-1-2-0\" class=\"so-panel widget widget_black-studio-tinymce widget_black_studio_tinymce panel-first-child panel-last-child\" data-index=\"3\" ><h3 class=\"widget-title\">Przyk\u0142adowe realizacje<\/h3><div class=\"textwidget\"><p><div id='gallery-1' class='gallery galleryid-7 gallery-columns-3 gallery-size-thumbnail'><figure class='gallery-item'>\n\t\t\t<div class='gallery-icon landscape'>\n\t\t\t\t<a href='https:\/\/jawirem.pl\/?attachment_id=2233'><img loading=\"lazy\" decoding=\"async\" width=\"100\" height=\"75\" src=\"https:\/\/jawirem.pl\/wp-content\/uploads\/2014\/10\/G\u0142owica-wylotowa-2-100x75.jpg\" class=\"attachment-thumbnail size-thumbnail\" alt=\"\" aria-describedby=\"gallery-1-2233\" srcset=\"https:\/\/jawirem.pl\/wp-content\/uploads\/2014\/10\/G\u0142owica-wylotowa-2-100x75.jpg 100w, https:\/\/jawirem.pl\/wp-content\/uploads\/2014\/10\/G\u0142owica-wylotowa-2-300x225.jpg 300w, https:\/\/jawirem.pl\/wp-content\/uploads\/2014\/10\/G\u0142owica-wylotowa-2.jpg 640w, https:\/\/jawirem.pl\/wp-content\/uploads\/2014\/10\/G\u0142owica-wylotowa-2-555x416.jpg 555w\" sizes=\"(max-width: 100px) 100vw, 100px\" \/><\/a>\n\t\t\t<\/div>\n\t\t\t\t<figcaption class='wp-caption-text gallery-caption' id='gallery-1-2233'>\n\t\t\t\tG\u0142owica wylotowa\n\t\t\t\t<\/figcaption><\/figure><figure class='gallery-item'>\n\t\t\t<div class='gallery-icon landscape'>\n\t\t\t\t<a href='https:\/\/jawirem.pl\/?attachment_id=2235'><img loading=\"lazy\" decoding=\"async\" width=\"100\" height=\"75\" src=\"https:\/\/jawirem.pl\/wp-content\/uploads\/2014\/10\/Kolano-90st.-R-700-100x75.jpg\" class=\"attachment-thumbnail size-thumbnail\" alt=\"\" aria-describedby=\"gallery-1-2235\" srcset=\"https:\/\/jawirem.pl\/wp-content\/uploads\/2014\/10\/Kolano-90st.-R-700-100x75.jpg 100w, https:\/\/jawirem.pl\/wp-content\/uploads\/2014\/10\/Kolano-90st.-R-700-300x225.jpg 300w, https:\/\/jawirem.pl\/wp-content\/uploads\/2014\/10\/Kolano-90st.-R-700.jpg 640w, https:\/\/jawirem.pl\/wp-content\/uploads\/2014\/10\/Kolano-90st.-R-700-555x416.jpg 555w\" sizes=\"(max-width: 100px) 100vw, 100px\" \/><\/a>\n\t\t\t<\/div>\n\t\t\t\t<figcaption class='wp-caption-text gallery-caption' id='gallery-1-2235'>\n\t\t\t\tKolano 90\u00b0 R700\n\t\t\t\t<\/figcaption><\/figure><figure class='gallery-item'>\n\t\t\t<div class='gallery-icon landscape'>\n\t\t\t\t<a href='https:\/\/jawirem.pl\/?attachment_id=2236'><img loading=\"lazy\" decoding=\"async\" width=\"100\" height=\"75\" src=\"https:\/\/jawirem.pl\/wp-content\/uploads\/2014\/10\/Lej-odsiewacza-cz-dolna-z-klapkami-M-018-2007-2-100x75.jpg\" class=\"attachment-thumbnail size-thumbnail\" alt=\"\" aria-describedby=\"gallery-1-2236\" srcset=\"https:\/\/jawirem.pl\/wp-content\/uploads\/2014\/10\/Lej-odsiewacza-cz-dolna-z-klapkami-M-018-2007-2-100x75.jpg 100w, https:\/\/jawirem.pl\/wp-content\/uploads\/2014\/10\/Lej-odsiewacza-cz-dolna-z-klapkami-M-018-2007-2-300x225.jpg 300w, https:\/\/jawirem.pl\/wp-content\/uploads\/2014\/10\/Lej-odsiewacza-cz-dolna-z-klapkami-M-018-2007-2.jpg 640w, https:\/\/jawirem.pl\/wp-content\/uploads\/2014\/10\/Lej-odsiewacza-cz-dolna-z-klapkami-M-018-2007-2-555x416.jpg 555w\" sizes=\"(max-width: 100px) 100vw, 100px\" \/><\/a>\n\t\t\t<\/div>\n\t\t\t\t<figcaption class='wp-caption-text gallery-caption' id='gallery-1-2236'>\n\t\t\t\tLej odsiewacza\n\t\t\t\t<\/figcaption><\/figure><figure class='gallery-item'>\n\t\t\t<div class='gallery-icon landscape'>\n\t\t\t\t<a href='https:\/\/jawirem.pl\/?attachment_id=2237'><img loading=\"lazy\" decoding=\"async\" width=\"100\" height=\"75\" src=\"https:\/\/jawirem.pl\/wp-content\/uploads\/2014\/10\/Lej-odsiewacza-cz-dolna-z-klapkami-M-018-2007-100x75.jpg\" class=\"attachment-thumbnail size-thumbnail\" alt=\"\" aria-describedby=\"gallery-1-2237\" srcset=\"https:\/\/jawirem.pl\/wp-content\/uploads\/2014\/10\/Lej-odsiewacza-cz-dolna-z-klapkami-M-018-2007-100x75.jpg 100w, https:\/\/jawirem.pl\/wp-content\/uploads\/2014\/10\/Lej-odsiewacza-cz-dolna-z-klapkami-M-018-2007-300x225.jpg 300w, https:\/\/jawirem.pl\/wp-content\/uploads\/2014\/10\/Lej-odsiewacza-cz-dolna-z-klapkami-M-018-2007.jpg 640w, https:\/\/jawirem.pl\/wp-content\/uploads\/2014\/10\/Lej-odsiewacza-cz-dolna-z-klapkami-M-018-2007-555x416.jpg 555w\" sizes=\"(max-width: 100px) 100vw, 100px\" \/><\/a>\n\t\t\t<\/div>\n\t\t\t\t<figcaption class='wp-caption-text gallery-caption' id='gallery-1-2237'>\n\t\t\t\tLej odsiewacza\n\t\t\t\t<\/figcaption><\/figure><figure class='gallery-item'>\n\t\t\t<div class='gallery-icon landscape'>\n\t\t\t\t<a href='https:\/\/jawirem.pl\/?attachment_id=2238'><img loading=\"lazy\" decoding=\"async\" width=\"100\" height=\"75\" src=\"https:\/\/jawirem.pl\/wp-content\/uploads\/2014\/10\/Zasuwa-pr\u0119towa-100x75.jpg\" class=\"attachment-thumbnail size-thumbnail\" alt=\"\" aria-describedby=\"gallery-1-2238\" srcset=\"https:\/\/jawirem.pl\/wp-content\/uploads\/2014\/10\/Zasuwa-pr\u0119towa-100x75.jpg 100w, https:\/\/jawirem.pl\/wp-content\/uploads\/2014\/10\/Zasuwa-pr\u0119towa-300x225.jpg 300w, https:\/\/jawirem.pl\/wp-content\/uploads\/2014\/10\/Zasuwa-pr\u0119towa.jpg 640w, https:\/\/jawirem.pl\/wp-content\/uploads\/2014\/10\/Zasuwa-pr\u0119towa-555x416.jpg 555w\" sizes=\"(max-width: 100px) 100vw, 100px\" \/><\/a>\n\t\t\t<\/div>\n\t\t\t\t<figcaption class='wp-caption-text gallery-caption' id='gallery-1-2238'>\n\t\t\t\tZasuwa pr\u0119towa\n\t\t\t\t<\/figcaption><\/figure><figure class='gallery-item'>\n\t\t\t<div class='gallery-icon landscape'>\n\t\t\t\t<a href='https:\/\/jawirem.pl\/?attachment_id=2242'><img loading=\"lazy\" decoding=\"async\" width=\"100\" height=\"75\" src=\"https:\/\/jawirem.pl\/wp-content\/uploads\/2014\/10\/Przew\u00f3d-py\u0142owy-arkusz-1-100x75.jpg\" class=\"attachment-thumbnail size-thumbnail\" alt=\"\" aria-describedby=\"gallery-1-2242\" srcset=\"https:\/\/jawirem.pl\/wp-content\/uploads\/2014\/10\/Przew\u00f3d-py\u0142owy-arkusz-1-100x75.jpg 100w, https:\/\/jawirem.pl\/wp-content\/uploads\/2014\/10\/Przew\u00f3d-py\u0142owy-arkusz-1-300x225.jpg 300w, https:\/\/jawirem.pl\/wp-content\/uploads\/2014\/10\/Przew\u00f3d-py\u0142owy-arkusz-1.jpg 640w, https:\/\/jawirem.pl\/wp-content\/uploads\/2014\/10\/Przew\u00f3d-py\u0142owy-arkusz-1-555x416.jpg 555w\" sizes=\"(max-width: 100px) 100vw, 100px\" \/><\/a>\n\t\t\t<\/div>\n\t\t\t\t<figcaption class='wp-caption-text gallery-caption' id='gallery-1-2242'>\n\t\t\t\tPrzew\u00f3d py\u0142owy\n\t\t\t\t<\/figcaption><\/figure>\n\t\t<\/div>\n<\/p>\n<p style=\"text-align: center;\"><a class=\"btn  btn-primary\" href=\"?page_id=2284\" target=\"_self\">GALERIA<\/a><\/p>\n<\/div><\/div><\/div><\/div><div id=\"pg-7-2\"  class=\"panel-grid panel-has-style\" ><div class=\"siteorigin-panels-stretch panel-row-style panel-row-style-for-7-2\" data-stretch-type=\"full\" ><div id=\"pgc-7-2-0\"  class=\"panel-grid-cell\" ><div id=\"panel-7-2-0-0\" class=\"so-panel widget widget_ess-grid-widget widget_ess_grid panel-first-child panel-last-child\" data-index=\"4\" ><\/div><\/div><\/div><\/div><div id=\"pg-7-3\"  class=\"panel-grid panel-no-style\" ><div id=\"pgc-7-3-0\"  class=\"panel-grid-cell\" ><div id=\"panel-7-3-0-0\" class=\"so-panel widget widget_black-studio-tinymce widget_black_studio_tinymce panel-first-child panel-last-child\" data-index=\"5\" ><h3 class=\"widget-title\">Potencja\u0142<\/h3><div class=\"textwidget\"><h5><span style=\"color: #fcc71f;\"><br \/> <span class=\"icon-container\"><span class=\"fa fa-check\"><\/span><\/span><\/span>\u00a022 - osobowa kadra pracownicza<\/h5>\n<p>Dok\u0142adamy wszelkich stara\u0144, aby kadra pracownicza dobrana by\u0142a we w\u0142a\u015bciwy spos\u00f3b po to, aby wykonywane przez przedsi\u0119biorstwo elementy i konstrukcje zawsze by\u0142y jak najwy\u017cszej jako\u015bci.<\/p>\n<h5><span style=\"color: #fcc71f;\"><span class=\"icon-container\"><span class=\"fa fa-check\"><\/span><\/span><\/span>\u00a0800 <strong>m\u00b2<\/strong>\u00a0hal produkcyjnych<\/h5>\n<p>Du\u017ca powierzchnia hal produkcyjnych pozwala firmie na wykonywanie bardzo du\u017cej ilo\u015bci, nawet najbardziej skomplikowanych realizacji.<\/p>\n<h5><span style=\"color: #fcc71f;\"><span class=\"icon-container\"><span class=\"fa fa-check\"><\/span><\/span><\/span>\u00a0Dobrze wyposa\u017cony park maszynowy<\/h5>\n<p>Maszyny, jakimi dysponujemy, pozwalaj\u0105 na wykonywanie prac w bardzo szerokim zakresie, co jest niezwykle wa\u017cne z uwagi na zwi\u0119kszenie stopnia zadowolenia klient\u00f3w.<\/p>\n<\/div><\/div><\/div><div id=\"pgc-7-3-1\"  class=\"panel-grid-cell\" ><div id=\"panel-7-3-1-0\" class=\"so-panel widget widget_black-studio-tinymce widget_black_studio_tinymce panel-first-child panel-last-child\" data-index=\"6\" ><h3 class=\"widget-title\">O firmie<\/h3><div class=\"textwidget\"><p><a href=\"http:\/\/jawirem.pl\/wp-content\/uploads\/2014\/10\/glowna2.jpg\"><img loading=\"lazy\" decoding=\"async\" class=\" size-medium wp-image-2318 aligncenter\" src=\"http:\/\/jawirem.pl\/wp-content\/uploads\/2014\/10\/glowna2-300x169.jpg\" alt=\"glowna2\" width=\"300\" height=\"169\" srcset=\"https:\/\/jawirem.pl\/wp-content\/uploads\/2014\/10\/glowna2-300x169.jpg 300w, https:\/\/jawirem.pl\/wp-content\/uploads\/2014\/10\/glowna2-848x480.jpg 848w, https:\/\/jawirem.pl\/wp-content\/uploads\/2014\/10\/glowna2-555x312.jpg 555w, https:\/\/jawirem.pl\/wp-content\/uploads\/2014\/10\/glowna2.jpg 868w\" sizes=\"(max-width: 300px) 100vw, 300px\" \/><\/a><\/p>\n<p><strong>Sp\u00f3\u0142ka z o.o. \"JAWIREM\"<\/strong> rozpocz\u0119\u0142a dzia\u0142alno\u015b\u0107 produkcyjn\u0105 w pierwszej po\u0142owie <strong>1996 roku<\/strong> i przez wszystkie lata funkcjonowania mia\u0142a okazj\u0119 wsp\u00f3\u0142pracowa\u0107 z wieloma uznanymi firmami.<\/p>\n<p><strong>Stale udoskonalany<\/strong> i <strong>modernizowany park maszynowy<\/strong> oraz <strong>hale produkcyjne<\/strong>, a tak\u017ce odpowiednie wyszkolenie kadry pracowniczej, umo\u017cliwia firmie realizowanie nawet najbardziej skomplikowanych projekt\u00f3w.<\/p>\n<\/div><\/div><\/div><div id=\"pgc-7-3-2\"  class=\"panel-grid-cell\" ><div id=\"panel-7-3-2-0\" class=\"so-panel widget widget_black-studio-tinymce widget_black_studio_tinymce panel-first-child panel-last-child\" data-index=\"7\" ><h3 class=\"widget-title\">Kontakt<\/h3><div class=\"textwidget\"><p><strong>Jawirem<\/strong><\/p>\n<p>32 21 114 24<\/p>\n<p>\u00a0<\/p>\n<p><strong>Prezes zarz\u0105du<\/strong><\/p>\n<p>+48 607 670 304<\/p>\n<p><strong>Dyrektor zarz\u0105dzaj\u0105cy<\/strong><\/p>\n<p>+48 508 970 835<\/p>\n<p><strong>Dzia\u0142 zaopatrzenia i logistyki<\/strong><\/p>\n<p>+48 531 064 735<\/p>\n<p><strong>Ksi\u0119gowo\u015b\u0107<\/strong><\/p>\n<p>+48 691 170 419<\/p>\n<p>e-mail: <a href=\"&#x6d;&#97;&#105;&#x6c;&#x74;&#111;&#58;&#x6a;&#x61;&#119;&#105;&#x72;&#x65;&#109;&#64;&#x69;&#x64;&#115;&#108;&#x2e;&#x70;&#108;\">&#x6a;a&#x77;i&#x72;&#101;&#x6d;&#64;i&#x64;s&#x6c;&#46;&#x70;&#108;<\/a><\/p>\n<p><strong>Polityka prywatno\u015bci<\/strong><\/p>\n<p><a href=\"http:\/\/jawirem.pl\/wp-content\/uploads\/2019\/09\/RODO.pdf\">RODO<\/a><\/p>\n<\/div><\/div><\/div><\/div><div id=\"pg-7-4\"  class=\"panel-grid panel-no-style\" ><div id=\"pgc-7-4-0\"  class=\"panel-grid-cell\" ><div id=\"panel-7-4-0-0\" class=\"so-panel widget widget_text panel-first-child panel-last-child\" data-index=\"8\" ><h3 class=\"widget-title\">Klienci<\/h3>\t\t\t<div class=\"textwidget\"><div class=\"logo-panel\">\n\t\t\t\t<div class=\"row\">\n\t\t\t\t\t<div class=\"col-xs-12  col-sm-2\">\n\t\t\t\t\t\t<img decoding=\"async\" src=\"http:\/\/www.tauronarenakrakow.pl\/wp-content\/themes\/krakowarena\/inc\/timthumb\/timthumb.php?src=http:\/\/www.tauronarenakrakow.pl\/wp-content\/uploads\/2015\/02\/TAURON_LOGO_PROMOCYJNE_POZIOME1.jpg&w=786&h=305&zc=1&q=99&f=png\" alt=\"Client\">\n\t\t\t\t\t<\/div>\n\t\t\t\t\t<div class=\"col-xs-12  col-sm-2\">\n\t\t\t\t\t\t<img decoding=\"async\" src=\"http:\/\/www.jawirem.pl\/chemont.jpg\" alt=\"Client\">\n\t\t\t\t\t<\/div>\n                                        <div class=\"col-xs-12  col-sm-2\">\n\t\t\t\t\t\t<img decoding=\"async\" src=\"https:\/\/carbocor.pl\/images\/logo_color.svg\" alt=\"Client\">\n\t\t\t\t\t<\/div> \n\t\t\t\t\t\n\t\t\t\t<\/div>\n\t\t\t<\/div><\/div>\n\t\t<\/div><\/div><\/div><\/div>","protected":false},"excerpt":{"rendered":"<p>Witamy na stronie internetowej przedsi\u0119biorstwa Jawirem. Z wielk\u0105 dum\u0105 prezentujemy Pa\u0144stwu nasze realizacje, wierz\u0105c, \u017ce wieloletnie do\u015bwiadczenie, kt\u00f3re posiadamy, \u015bwiadczy o rzetelno\u015bci oraz solidno\u015bci zar\u00f3wno ca\u0142ego przedsi\u0119biorstwa jak i produkt\u00f3w oraz us\u0142ug, jakie dostarczamy. Serdecznie zapraszamy do zapoznania si\u0119 z profilem dzia\u0142alno\u015bci firmy, a tak\u017ce do kontaktu, kt\u00f3ry dzi\u0119ki niniejszej stronie internetowej staje si\u0119 jeszcze &hellip;<\/p>\n","protected":false},"author":1,"featured_media":0,"parent":0,"menu_order":0,"comment_status":"closed","ping_status":"closed","template":"template-front-page-slider.php","meta":{"footnotes":""},"_links":{"self":[{"href":"https:\/\/jawirem.pl\/index.php?rest_route=\/wp\/v2\/pages\/7"}],"collection":[{"href":"https:\/\/jawirem.pl\/index.php?rest_route=\/wp\/v2\/pages"}],"about":[{"href":"https:\/\/jawirem.pl\/index.php?rest_route=\/wp\/v2\/types\/page"}],"author":[{"embeddable":true,"href":"https:\/\/jawirem.pl\/index.php?rest_route=\/wp\/v2\/users\/1"}],"replies":[{"embeddable":true,"href":"https:\/\/jawirem.pl\/index.php?rest_route=%2Fwp%2Fv2%2Fcomments&post=7"}],"version-history":[{"count":110,"href":"https:\/\/jawirem.pl\/index.php?rest_route=\/wp\/v2\/pages\/7\/revisions"}],"predecessor-version":[{"id":2600,"href":"https:\/\/jawirem.pl\/index.php?rest_route=\/wp\/v2\/pages\/7\/revisions\/2600"}],"wp:attachment":[{"href":"https:\/\/jawirem.pl\/index.php?rest_route=%2Fwp%2Fv2%2Fmedia&parent=7"}],"curies":[{"name":"wp","href":"https:\/\/api.w.org\/{rel}","templated":true}]}}